
In base 5, what is 2023 - -3?
2031
In base 8, what is -320 - 7?
-327
In base 8, what is 14531 - 3?
14526
In base 4, what is -1102 + 10?
-1032
In base 12, what is -25 - 5?
-2a
In base 13, what is 3a + -53?
-16
In base 3, what is 1120202 + -122?
1120010
In base 11, what is 205 + 4?
209
In base 5, what is -10 - 301?
-311
In base 13, what is 10 - -7?
17
In base 12, what is -114 + -1?
-115
In base 6, what is 4 - 1023?
-1015
In base 9, what is 8 + 45?
54
In base 15, what is 5d4 + 3?
5d7
In base 3, what is -1 + 1212?
1211
In base 15, what is 9a - 5?
95
In base 6, what is 1322 - 3?
1315
In base 16, what is -d3 - -4?
-cf
In base 14, what is 3 + 345?
348
In base 2, what is -11010011111110 + 101?
-11010011111001
In base 8, what is -32 + 22?
-10
In base 6, what is 2 - 211?
-205
In base 5, what is 2001 + 10?
2011
In base 2, what is -11011111 + 1?
-11011110
In base 14, what is -132 + -5?
-137
In base 16, what is 1c1 + 2?
1c3
In base 16, what is -6 + -6d7?
-6dd
In base 7, what is -212 + 5?
-204
In base 4, what is 2211 - 33?
2112
In base 2, what is -10 - 11001100?
-11001110
In base 2, what is 11 - -1000101?
1001000
In base 15, what is 1 + -1b6d?
-1b6c
In base 5, what is 10241 - 4?
10232
In base 15, what is 1 + -169?
-168
In base 15, what is 3 - -5c1?
5c4
In base 8, what is -12 + 4?
-6
In base 12, what is 73 - -4?
77
In base 16, what is 84 - 4?
80
In base 11, what is -3 + 23?
20
In base 4, what is 0 - -2301?
2301
In base 6, what is -451 + 20?
-431
In base 2, what is 100 + -10101001?
-10100101
In base 2, what is -101 + 1110011?
1101110
In base 5, what is -3 + 13041?
13033
In base 6, what is 3141 - 1?
3140
In base 6, what is -4 + -13?
-21
In base 9, what is 3 - -6120?
6123
In base 5, what is -224 + 13?
-211
In base 7, what is -21 + 623?
602
In base 12, what is 152 + 7?
159
In base 10, what is 10 + -191?
-181
In base 3, what is 211221202 + -1?
211221201
In base 12, what is -2 + 78?
76
In base 14, what is -5 - -d?
8
In base 15, what is -3 - 3db?
-3de
In base 9, what is -4 - -1038?
1034
In base 15, what is -72 + -5?
-77
In base 16, what is 20 + 3?
23
In base 8, what is -173 + 5?
-166
In base 16, what is 3 + 27?
2a
In base 13, what is -5 + 1b1?
1a9
In base 3, what is 2110 - 1010?
1100
In base 15, what is -2 + -7a9?
-7ab
In base 5, what is -10 - -23?
13
In base 12, what is -4b56 + -4?
-4b5a
In base 8, what is 12 - 45?
-33
In base 5, what is -10 - 203?
-213
In base 15, what is -3 + 9e?
9b
In base 15, what is 57 - -115?
16c
In base 12, what is -4 + 25?
21
In base 6, what is -3 - 32153?
-32200
In base 7, what is -5 - 106?
-114
In base 15, what is 31 + -1a0?
-16e
In base 13, what is -b - 2?
-10
In base 6, what is 133 - 5?
124
In base 11, what is -2 - -746?
744
In base 10, what is 5 - -587?
592
In base 4, what is 12 + 21?
33
In base 12, what is 434 - -7?
43b
In base 6, what is -123 - -204?
41
In base 14, what is 1101 - 1?
1100
In base 3, what is 0 - -2101221?
2101221
In base 16, what is e + -8?
6
In base 11, what is -2 + 31?
2a
In base 8, what is 44 + 107?
153
In base 12, what is -2 + 3b67?
3b65
In base 7, what is 1 - 525?
-524
In base 2, what is 10101100 + 10?
10101110
In base 5, what is -4 - -2023?
2014
In base 11, what is -33 - 37?
-6a
In base 4, what is 33101 - 11?
33030
In base 15, what is -11a + -1?
-11b
In base 7, what is 1 - 5?
-4
In base 6, what is -5 - -2031?
2022
In base 14, what is 5 - a6?
-a1
In base 16, what is 66 + 0?
66
In base 5, what is -2 + 204?
202
In base 14, what is 3 - 19?
-16
In base 4, what is 100 + -21?
13
In base 15, what is 6 + 8e3?
8e9
In base 2, what is -10000 - -10010010?
10000010
In base 14, what is -1 + c8?
c7
In base 11, what is 1 - 39?
-38
In base 7, what is 231 - 14?
214
In base 10, what is -2 - -1898?
1896
In base 16, what is -9ae - -6?
-9a8
In base 4, what is -11033 + -11?
-11110
In base 14, what is -c + 395?
387
In base 7, what is 412 - 4?
405
In base 2, what is 1000110010 + -10111?
1000011011
In base 10, what is -5 - 101?
-106
In base 4, what is -2 + 123321?
123313
In base 7, what is 6 - -243?
252
In base 13, what is 0 + 92?
92
In base 16, what is 61 - -23?
84
In base 8, what is 2 - -266?
270
In base 2, what is 11010100010100 + -101?
11010100001111
In base 5, what is -10 - 1?
-11
In base 14, what is 4 + -1a?
-16
In base 15, what is 0 + -595?
-595
In base 3, what is 0 + 100202?
100202
In base 12, what is 3 + 160?
163
In base 12, what is 1b - -175?
194
In base 9, what is 0 - -2813?
2813
In base 5, what is -102 - 4?
-111
In base 2, what is 11111 - -1000011?
1100010
In base 9, what is -302 + -2?
-304
In base 8, what is -120 - -27?
-71
In base 9, what is 23 - 3?
20
In base 16, what is 10 - -23?
33
In base 9, what is -21 + -4?
-25
In base 2, what is -11100 - 100?
-100000
In base 2, what is -10000000 - 101?
-10000101
In base 12, what is -5 - -b7b?
b76
In base 10, what is -6 - 32?
-38
In base 8, what is -1 - 20?
-21
In base 11, what is -1367 - -4?
-1363
In base 7, what is -3 - -4?
1
In base 11, what is 9 + -163?
-155
In base 9, what is 17 + 60?
77
In base 14, what is -4 + -62?
-66
In base 10, what is 22177 - -2?
22179
In base 13, what is -1b - 0?
-1b
In base 6, what is -4 - 44?
-52
In base 12, what is -897 + 3?
-894
In base 7, what is -2242 - 2?
-2244
In base 4, what is 3 - -112?
121
In base 6, what is 350 - 2?
344
In base 7, what is 2 + -11150?
-11145
In base 2, what is -11001 - -100011111?
100000110
In base 14, what is -90 + 35?
-59
In base 16, what is -be - 1?
-bf
In base 3, what is -101000200 + 12?
-101000111
In base 9, what is 1 + -101?
-100
In base 12, what is -1329 - -4?
-1325
In base 10, what is -278 - 5?
-283
In base 10, what is -2 + -5522?
-5524
In base 9, what is 46 - 2?
44
In base 10, what is 350 + 0?
350
In base 8, what is -2 - 36?
-40
In base 2, what is -101011111011 + -100?
-101011111111
In base 10, what is 27 - 27?
0
In base 16, what is -878f - -4?
-878b
In base 7, what is -6355 + -2?
-6360
In base 15, what is -40 - -4?
-3b
In base 12, what is 42 - -2?
44
In base 13, what is -478 + -4?
-47c
In base 7, what is -25 + 0?
-25
In base 5, what is -1441 + -10?
-2001
In base 11, what is aa2 + 2?
aa4
In base 5, what is -411 - 113?
-1024
In base 14, what is -17 + 121?
108
In base 10, what is -1 + -4766?
-4767
In base 4, what is 110 + 12?
122
In base 9, what is 73 - -16?
100
In base 13, what is -9 - -648?
63c
In base 16, what is -26 + 8?
-1e
In base 13, what is 84a + 8?
855
In base 16, what is 3 - 107?
-104
In base 13, what is 3 + -3b?
-38
In base 2, what is -10 + -11010?
-11100
In base 7, what is -3 - -15?
12
In base 5, what is 31 - 40?
-4
In base 15, what is 904 + 0?
904
In base 15, what is -3 + 15?
12
In base 9, what is 35 - -5?
41
In base 6, what is 545 - 5?
540
In base 8, what is 2350 - 2?
2346
In base 10, what is 47 + -1?
46
In base 2, what is 100 - 1100000?
-1011100
In base 11, what is 39 + 1a0?
229
In base 9, what is 767 - 11?
756
In base 5, what is -1 - -211?
210
In base 4, what is 2131 + 300?
3031
In base 9, what is 5 + -3012?
-3006
In base 13, what is 2c - -8a?
b9
In base 8, what is 72 - 15?
55
In base 6, what is -31 - 13?
-44
In base 16, what is -4fb + 5?
-4f6
In base 5, what is 22 + -200?
-123
In base 13, what is 1 - -128?
129
In base 12, what is -9 + 0?
-9
In base 12, what is -4 - -306?
302
In base 4, what is 10 - -1032?
1102
In base 14, what is 0 - -2c8?
2c8
In base 16, what is -2 - -6c?
6a
In base 2, what is 1000110001101 + 10?
1000110001111
In base 8, what is 402 + 35?
437
In base 16, what is 5 + 1ec?
1f1
In base 8, what is 3 - 1436?
-1433
In base 15, what is 4 - -1d8?
1dc
In base 5, what is 21 + 11033?
11104
In base 10, what is 35 - -46?
81
In base 5, what is -210 - 23?
-233
In base 8, what is 4622 - -21?
4643
In base 6, what is 304 - -2?
310
In base 14, what is -8b2c + 5?
-8b27
In base 13, what is -1a + -15?
-32
In base 12, what is 3 + 223?
226
In base 6, what is 351 + 2?
353
In base 13, what is -65 + -4b?
-b3
In base 2, what is 11010100010 - 100?
11010011110
In base 12, what is -5 - 4a?
-53
In base 16, what is 6 + -46?
-40
In base 8, what is 11636 - -1?
11637
In base 5, what is 4 - 3331?
-3322
In base 11, what is 349 - 2?
347
In base 7, what is 34432 + 0?
34432
In base 16, what is -1de + 2?
-1dc
In base 6, what is -113120 + -3?
-113123
In base 5, what is 100 + -1?
44
In base 7, what is -16405 + 5?
-16400
In ba